{"id":151,"date":"2021-05-10T18:39:07","date_gmt":"2021-05-10T16:39:07","guid":{"rendered":"http:\/\/cieterrainvague.fr\/?page_id=151"},"modified":"2026-03-17T14:58:44","modified_gmt":"2026-03-17T13:58:44","slug":"raconte-moi-les-mille-et-une-nuits","status":"publish","type":"page","link":"https:\/\/cieterrainvague.fr\/index.php\/raconte-moi-les-mille-et-une-nuits\/","title":{"rendered":"Raconte-moi, Les Mille et Une Nuits"},"content":{"rendered":"\n<p>Spectacle familial cont\u00e9 par Marion GOMEZ et Rapha\u00eble BRICE.<\/p>\n\n\n\n<figure class=\"wp-block-image size-large is-resized is-style-rounded\"><img loading=\"lazy\" decoding=\"async\" width=\"1024\" height=\"726\" src=\"https:\/\/cieterrainvague.fr\/wp-content\/uploads\/2021\/05\/8466B82E-13A5-4938-8555-580CC00B8B5E_1_105_c-1024x726.jpeg\" alt=\"\" class=\"wp-image-165\" style=\"width:608px;height:431px\" srcset=\"https:\/\/cieterrainvague.fr\/wp-content\/uploads\/2021\/05\/8466B82E-13A5-4938-8555-580CC00B8B5E_1_105_c-1024x726.jpeg 1024w, https:\/\/cieterrainvague.fr\/wp-content\/uploads\/2021\/05\/8466B82E-13A5-4938-8555-580CC00B8B5E_1_105_c-300x213.jpeg 300w, https:\/\/cieterrainvague.fr\/wp-content\/uploads\/2021\/05\/8466B82E-13A5-4938-8555-580CC00B8B5E_1_105_c-768x545.jpeg 768w, https:\/\/cieterrainvague.fr\/wp-content\/uploads\/2021\/05\/8466B82E-13A5-4938-8555-580CC00B8B5E_1_105_c.jpeg 1052w\" sizes=\"auto, (max-width: 1024px) 100vw, 1024px\" \/><\/figure>\n\n\n\n<p><strong>Le spectacle en quelques mots <\/strong>: Au milieu des plaines d\u00e9sertiques se dressent des royaumes orientaux aux pieds des oasis. \u00c0 l\u2019ombre des grenadiers cohabitent sultans, g\u00e9nies, princesses et mis\u00e9reux. Leurs aventures nous ont \u00e9t\u00e9 cont\u00e9es, jou\u00e9es et chant\u00e9es jusqu\u2019au bout de Mille et Une Nuits. Deux com\u00e9diennes plongent petits et grands dans l\u2019univers des Mille et Une Nuits au travers de contes sonores faits de dr\u00f4les de bruitages, de chants et d&rsquo;instruments merveilleux. Laissez-vous bercer et emporter dans leur voyage aux saveurs d\u2019Orient.<\/p>\n\n\n\n<p><\/p>\n\n\n\n<figure class=\"wp-block-image size-large is-style-default\"><img loading=\"lazy\" decoding=\"async\" width=\"724\" height=\"1024\" src=\"https:\/\/cieterrainvague.fr\/wp-content\/uploads\/2024\/01\/Visuel-nu-MilleEtUneNuits--724x1024.jpg\" alt=\"\" class=\"wp-image-598\" srcset=\"https:\/\/cieterrainvague.fr\/wp-content\/uploads\/2024\/01\/Visuel-nu-MilleEtUneNuits--724x1024.jpg 724w, https:\/\/cieterrainvague.fr\/wp-content\/uploads\/2024\/01\/Visuel-nu-MilleEtUneNuits--212x300.jpg 212w, https:\/\/cieterrainvague.fr\/wp-content\/uploads\/2024\/01\/Visuel-nu-MilleEtUneNuits--768x1086.jpg 768w, https:\/\/cieterrainvague.fr\/wp-content\/uploads\/2024\/01\/Visuel-nu-MilleEtUneNuits--1086x1536.jpg 1086w, https:\/\/cieterrainvague.fr\/wp-content\/uploads\/2024\/01\/Visuel-nu-MilleEtUneNuits--scaled.jpg 1810w\" sizes=\"auto, (max-width: 724px) 100vw, 724px\" \/><figcaption class=\"wp-element-caption\">Dessin Sophie PIEGELIN<\/figcaption><\/figure>\n\n\n\n<p><\/p>\n\n\n\n<p class=\"has-text-align-center\"><strong>Extrait :<\/strong> <sub><span class=\"has-inline-color has-quaternary-color\">\u00ab<\/span><em><span style=\"color:#070707\" class=\"has-inline-color\"> Mais, Sh\u00e9h\u00e9razade ne mourut pas la nuit suivante, Ni la nuit d\u2019apr\u00e8s, ni la nuit d\u2019encore apr\u00e8s, elle continuait \u00e0 raconter, nuit \u00e0 apr\u00e8s nuit, des histoires toujours plus extraordinaires qui retenaient le roi de lui porter le coup fatal <\/span><span class=\"has-inline-color has-quaternary-color\">&#8230; \u00bb<\/span><\/em><\/sub><\/p>\n\n\n\n<p class=\"has-text-align-center\"><sub><span class=\"has-inline-color has-quaternary-color\" style=\"font-style: italic;\">\u00ab <\/span><span class=\"has-inline-color has-primary-color\" style=\"font-style: italic;\">Maudit soit cet oiseau de malheur, j\u2019ai perdu ma chance de faire fortune, ma bourse a disparu dans ce ciel poussi\u00e9reux, le destin m\u2019a prouv\u00e9 que je resterai pauvre toute ma vie !<\/span><\/sub> <em><span class=\"has-inline-color has-quaternary-color\">&#8230; \u00bb<\/span><\/em><\/p>\n\n\n\n<p class=\"has-text-align-center\"><sub><em><span class=\"has-inline-color has-quaternary-color\">\u00ab<\/span><span class=\"has-inline-color has-primary-color\"> Une fois ouvert et vid\u00e9, Hassan distingua dans les entrailles du poisson, un \u00e9norme diamant, qu\u2019il prit d\u2019abord pour un magnifique morceau de verre, car jamais de sa vie il n\u2019avait vu de pierre pr\u00e9cieuse<\/span><span class=\"has-inline-color has-quaternary-color\">&#8230; \u00bb<\/span><\/em><\/sub><\/p>\n\n\n\n<h4 class=\"wp-block-heading has-text-align-left\"><a href=\"https:\/\/www.youtube.com\/watch?v=iEyMIaORwO8&amp;t=10s\" target=\"_blank\" rel=\"noreferrer noopener\">Nouveau TEASER ICI<\/a> !<\/h4>\n\n\n\n<h5 class=\"wp-block-heading\"><a href=\"https:\/\/www.youtube.com\/watch?v=SSs2RYTpHig\"><strong>EXTRAIT <\/strong>L\u00c0 <\/a>&#8230;<\/h5>\n\n\n\n<h5 class=\"wp-block-heading\"><a href=\"https:\/\/www.lebonbon.fr\/paris\/spectacles\/10-spectacles-voir-enfants-2023\/\"><strong>LE BONBON PARLE DE NOUS   <\/strong><\/a>^^<\/h5>\n\n\n\n<div data-wp-interactive=\"core\/file\" class=\"wp-block-file\"><object data-wp-bind--hidden=\"!state.hasPdfPreview\" hidden class=\"wp-block-file__embed\" data=\"https:\/\/cieterrainvague.fr\/wp-content\/uploads\/2025\/10\/Raconte-moi-les-mille-et-une-nuits-Page-2emeversion.pdf\" type=\"application\/pdf\" style=\"width:100%;height:600px\" aria-label=\"Contenu embarqu\u00e9 Raconte moi les mille et une nuits -Page-2e\u0300meversion.\"><\/object><a id=\"wp-block-file--media-0855b711-b287-4def-a029-18c717aaf9c1\" href=\"https:\/\/cieterrainvague.fr\/wp-content\/uploads\/2025\/10\/Raconte-moi-les-mille-et-une-nuits-Page-2emeversion.pdf\">Raconte moi les mille et une nuits -Page-2e\u0300meversion<\/a><a href=\"https:\/\/cieterrainvague.fr\/wp-content\/uploads\/2025\/10\/Raconte-moi-les-mille-et-une-nuits-Page-2emeversion.pdf\" class=\"wp-block-file__button wp-element-button\" download aria-describedby=\"wp-block-file--media-0855b711-b287-4def-a029-18c717aaf9c1\">T\u00e9l\u00e9charger Le Dossier Artistique<\/a><\/div>\n\n\n\n<h5 class=\"wp-block-heading\"><strong>CALENDRIER  : <\/strong>DATES \u00c0 VENIR<\/h5>\n\n\n\n<p><\/p>\n\n\n\n<ul class=\"wp-block-list\">\n<li><strong>11 Avril 2026, <\/strong>17H M\u00e9diath\u00e8que de l\u2019Orangerie, Claye-Souilly (77) avec <em>les Productions Anecdotiques<\/em><\/li>\n\n\n\n<li><strong>20 Mai 2026<\/strong>, 10H Coll\u00e8ge Jean Lur\u00e7a, Sarcelles (95)<\/li>\n\n\n\n<li><strong>26 Mai 2026<\/strong>, 15H Coll\u00e8ge des Amandiers, Carri\u00e8re-sur-seine (78)<\/li>\n\n\n\n<li><strong>28 Mai 2026<\/strong>, 14H Centre culturel de l\u2019Orangerie, Roissy-en-France (95)<\/li>\n\n\n\n<li><strong>13 juin 2026<\/strong>, 15H30 M\u00e9diath\u00e8que ru de Nesles, Champs-sur-Marne (77)<\/li>\n\n\n\n<li><strong>21 ou 28 Novembre 2026<\/strong>, Olympe de gouge Chelles (77)<\/li>\n<\/ul>\n\n\n\n<p><\/p>\n\n\n\n<h5 class=\"wp-block-heading\"><strong>CALENDRIER  : <\/strong>DATES PASS\u00c9ES<\/h5>\n\n\n\n<ul class=\"wp-block-list\">\n<li><strong>31 Janvier 2026<\/strong>, 14H Ludoth\u00e8que Jean Jaur\u00e8s, Le Blanc Mesnil (93) avec <em>les Productions Anecdotiques<\/em><\/li>\n\n\n\n<li><strong>24 Janvier 2026, <\/strong>19H M\u00e9diath\u00e8que Pulp Sud- Villejuif (94) avec <em>les Productions Anecdotiques<\/em><\/li>\n\n\n\n<li><strong>23 Janvier 2026, <\/strong>19H M\u00e9diath\u00e8que Simone Veil Alfortville (94)<\/li>\n\n\n\n<li><strong>20 D\u00e9cembre 2025,<\/strong> 15H M\u00e9diath\u00e8que de Marolles-en-brie (94) avec <em>les Productions Anecdotiques<\/em><\/li>\n\n\n\n<li><strong>18 D\u00e9cembre 2025, <\/strong>10H et 15H \u00c9cole \u00e9l\u00e9mentaire Jules Verne de Bussy-Saint-Georges (77) avec <em>les Productions Anecdotiques<\/em><\/li>\n\n\n\n<li><strong>17 D\u00e9cembre 2025,<\/strong> 15H M\u00e9diath\u00e8que de Mandres-Les-Roses (94) avec <em>les Productions Anecdotiques<\/em><\/li>\n\n\n\n<li><strong>13 D\u00e9cembre<\/strong> <strong>2025<\/strong>, 15H M\u00e9diath\u00e8que de Villeparisis (77)<\/li>\n\n\n\n<li><strong>12 D\u00e9cembre 2025, <\/strong>18H Centre social Louis Aragon de Meaux (77) <em>avec les Productions Anecdotiques <\/em><\/li>\n\n\n\n<li><strong>10 D\u00e9cembre 2025<\/strong>, 15H M\u00e9diath\u00e8que de Villecresnes (94) avec <em>les Productions Anecdotiques<\/em><\/li>\n\n\n\n<li><strong>06 D\u00e9cembre 2025<\/strong>, 16H M\u00e9diath\u00e8que Andr\u00e9 Malraux Champigny-sur-Marne (94)<\/li>\n\n\n\n<li><strong>03 D\u00e9cembre 2025<\/strong>, 15H M\u00e9diath\u00e8que Luxembourg \u00e0 Meaux (77) avec <em>les Productions Anecdotiques<\/em><\/li>\n\n\n\n<li><strong>29 Novembre 2025,<\/strong> 15H M\u00e9diath\u00e8que EST de Vincennes (94) avec <em>les Productions Anecdotiques<\/em><\/li>\n\n\n\n<li><strong>29 Novembre 2025,<\/strong> 10H M\u00e9diath\u00e8que OUEST de Vincennes (94) avec <em>les Productions Anecdotiques<\/em><\/li>\n\n\n\n<li><strong>15 Novembre 2025,<\/strong> 18H15 Biblioth\u00e8que Astrid Lindgren (Crim\u00e9e), Paris 19\u00e8me (75) avec les <em>Productions Anecdotiques<\/em><\/li>\n\n\n\n<li><strong>15 Novembre 2025,<\/strong> 10H30 M\u00e9diath\u00e8que coeur de Ville de Vincennes (94)<\/li>\n\n\n\n<li><strong>14 Novembre 2025, <\/strong>20H M\u00e9diath\u00e8que de Vert-Le-Grand (91)<\/li>\n\n\n\n<li><strong>09 Novembre 2025,<\/strong> 10H30 \u00e0 We Welcome, Lagny-sur-marne (77)&nbsp;&nbsp;<\/li>\n\n\n\n<li><strong>4 Octobre 2025, <\/strong>10H30 et 14H30 \u00e0 We Welcome, Lagny-sur-marne (77)<\/li>\n\n\n\n<li><strong>27 Septembre 2025, <\/strong>20H30, M\u00e9diath\u00e8que du Val d\u2019Europe (77) avec <em>les Productions Anecdotiques<\/em><\/li>\n\n\n\n<li><strong>27 Septembre 2025, <\/strong>10H30 M\u00e9diath\u00e8que de Thorigny (77) avec <em>les Productions Anecdotiques<\/em><\/li>\n\n\n\n<li><strong>Le 17 Mai 2025<\/strong> M\u00e9diath\u00e8que du Plessis-Tr\u00e9vise (94) avec <em>les Productions Anecdotiques<\/em><\/li>\n\n\n\n<li><strong>Le 08 Avril 2025<\/strong>, Coll\u00e8ge Epine Guyon de Fanconville (95)<\/li>\n\n\n\n<li><strong>17 et 31 Mars 2025<\/strong> \u00c9cole \u00e9l\u00e9mentaire des Cerisiers \u00e0 Thorigny-sur-marne (77)<\/li>\n\n\n\n<li><strong>Le 15 Mars 2025<\/strong> M\u00e9diath\u00e8que de Bussy-Saint-Georges (77)<\/li>\n\n\n\n<li><strong>Le 15 Mars 2025 <\/strong> M\u00e9diath\u00e8que de Lagny-sur-Marne (77)<\/li>\n\n\n\n<li><strong>Le 08 F\u00e9vrier 2025 <\/strong>M\u00e9diath\u00e8que de Rosny-Sous-Bois (93)<\/li>\n\n\n\n<li><strong>27 et 28 Janvier 2025<\/strong> Coll\u00e8ge des Amandiers \u00e0 Carri\u00e8res-sur-Seine (78)<\/li>\n\n\n\n<li><strong>Le 25 Janvier 2025<\/strong> M\u00e9diath\u00e8que de Limeil-Br\u00e9vannes (94)<\/li>\n\n\n\n<li><strong>Le 24 Janvier 2025<\/strong> M\u00e9diath\u00e8que de Vanves (92)<em> avec les Productions Anecdotiques<\/em><\/li>\n\n\n\n<li><strong>Le 21 D\u00e9cembre 2024 <\/strong>Social-Club de Claye-Souilly (77)<\/li>\n\n\n\n<li><strong>Le 14 D\u00e9cembre 2024 <\/strong>M\u00e9diath\u00e8que du P\u00e9rreux-sur-Marne (94)<\/li>\n\n\n\n<li><strong>Le 09 Novembre 2024<\/strong> M\u00e9dith\u00e8que de Thais (94)<\/li>\n\n\n\n<li><strong>Le 13 et 14 Octobre<\/strong> <strong>2024 <\/strong>Centre culturel de Noisiel&nbsp; (77)<\/li>\n\n\n\n<li><strong>Le 05 Octobre 2024<\/strong> M\u00e9diath\u00e8que de Joinville (94)<\/li>\n\n\n\n<li><strong>Le 20 Janvier 2024 <\/strong>M\u00e9diath\u00e8que de Chaville (92)<\/li>\n\n\n\n<li><strong>Le 10 D\u00e9cembre 2023 <\/strong>Commune de Bailleval (60)<\/li>\n\n\n\n<li><strong>Le 02 D\u00e9cembre 2023<\/strong> M\u00e9diath\u00e8que de Saint-Ouen-sur-Seine (93)<\/li>\n\n\n\n<li><strong>Le 04 Novembre 2023<\/strong> M\u00e9diath\u00e8que centrale d&rsquo;Orly (94)<\/li>\n\n\n\n<li><strong>Du 23 Octobre au 3 Novembre 2023<\/strong> Th\u00e9\u00e2tre du Funambule (75)<\/li>\n\n\n\n<li><strong>Le 19 Octobre 2023<\/strong> Coll\u00e8ge des Amandiers \u00e0 Carri\u00e8re-sur-Seine (78)<\/li>\n\n\n\n<li><strong>04 Ao\u00fbt 2023<\/strong>  Centre social La Boussole \u00e0 Melun (77)<\/li>\n\n\n\n<li><strong>Du 08 Juillet au 3 Septembre<\/strong> <strong>2023 <\/strong> Th\u00e9\u00e2tre du Funambule (75)<\/li>\n\n\n\n<li><strong>Le 17 Juin 2023 <\/strong>R\u00e9sidence Harmonie \u00e0 Boissy-saint-L\u00e9ger (94)<\/li>\n\n\n\n<li><strong>Le 23 Janvier 2022<\/strong> Centre culturel du Moustier Thorigny-sur-marne (77)<\/li>\n\n\n\n<li><strong>Le 22 Janvier 2022 <\/strong>M\u00e9diath\u00e8que Pierre-Thiriot \u00e0 Pontaul-Combault (77)<\/li>\n<\/ul>\n\n\n\n<p><\/p>\n\n\n\n<h4 class=\"wp-block-heading\">SPECTACLE SOUTENU PAR : <\/h4>\n\n\n\n<div class=\"wp-block-group is-nowrap is-layout-flex wp-container-core-group-is-layout-ad2f72ca wp-block-group-is-layout-flex\">\n<figure class=\"wp-block-image size-full is-resized\"><a href=\"https:\/\/www.productionsanecdotiques.fr\/\"><img loading=\"lazy\" decoding=\"async\" width=\"422\" height=\"392\" src=\"https:\/\/cieterrainvague.fr\/wp-content\/uploads\/2025\/09\/Productions-Anecdotiques-copie.png\" alt=\"\" class=\"wp-image-727\" style=\"width:146px;height:auto\" srcset=\"https:\/\/cieterrainvague.fr\/wp-content\/uploads\/2025\/09\/Productions-Anecdotiques-copie.png 422w, https:\/\/cieterrainvague.fr\/wp-content\/uploads\/2025\/09\/Productions-Anecdotiques-copie-300x279.png 300w\" sizes=\"auto, (max-width: 422px) 100vw, 422px\" \/><\/a><\/figure>\n<\/div>\n\n\n\n<figure class=\"wp-block-embed\"><div class=\"wp-block-embed__wrapper\">\nhttps:\/\/www.productionsanecdotiques.fr\n<\/div><\/figure>\n","protected":false},"excerpt":{"rendered":"<p>Spectacle familial cont\u00e9 par Marion GOMEZ et Rapha\u00eble BRICE. Le spectacle en quelques mots : Au milieu des plaines d\u00e9sertiques se dressent des royaumes orientaux aux pieds des oasis. \u00c0 l\u2019ombre des grenadiers cohabitent sultans, g\u00e9nies, princesses et mis\u00e9reux. Leurs aventures nous ont \u00e9t\u00e9 cont\u00e9es, jou\u00e9es et chant\u00e9es jusqu\u2019au bout de Mille et Une Nuits. [&hellip;]<\/p>\n","protected":false},"author":1,"featured_media":0,"parent":0,"menu_order":0,"comment_status":"closed","ping_status":"closed","template":"","meta":{"hide_page_title":"","footnotes":""},"class_list":["post-151","page","type-page","status-publish","hentry"],"yoast_head":"<!-- This site is optimized with the Yoast SEO plugin v19.6.1 - https:\/\/yoast.com\/wordpress\/plugins\/seo\/ -->\n<title>Raconte-moi, Les Mille et Une Nuits - Cie Terrain vague<\/title>\n<meta name=\"robots\" content=\"index, follow, max-snippet:-1, max-image-preview:large, max-video-preview:-1\" \/>\n<link rel=\"canonical\" href=\"https:\/\/cieterrainvague.fr\/index.php\/raconte-moi-les-mille-et-une-nuits\/\" \/>\n<meta property=\"og:locale\" content=\"fr_FR\" \/>\n<meta property=\"og:type\" content=\"article\" \/>\n<meta property=\"og:title\" content=\"Raconte-moi, Les Mille et Une Nuits - Cie Terrain vague\" \/>\n<meta property=\"og:description\" content=\"Spectacle familial cont\u00e9 par Marion GOMEZ et Rapha\u00eble BRICE. Le spectacle en quelques mots : Au milieu des plaines d\u00e9sertiques se dressent des royaumes orientaux aux pieds des oasis. \u00c0 l\u2019ombre des grenadiers cohabitent sultans, g\u00e9nies, princesses et mis\u00e9reux. Leurs aventures nous ont \u00e9t\u00e9 cont\u00e9es, jou\u00e9es et chant\u00e9es jusqu\u2019au bout de Mille et Une Nuits. [&hellip;]\" \/>\n<meta property=\"og:url\" content=\"https:\/\/cieterrainvague.fr\/index.php\/raconte-moi-les-mille-et-une-nuits\/\" \/>\n<meta property=\"og:site_name\" content=\"Cie Terrain vague\" \/>\n<meta property=\"article:modified_time\" content=\"2026-03-17T13:58:44+00:00\" \/>\n<meta property=\"og:image\" content=\"http:\/\/cieterrainvague.fr\/wp-content\/uploads\/2021\/05\/8466B82E-13A5-4938-8555-580CC00B8B5E_1_105_c-1024x726.jpeg\" \/>\n<meta name=\"twitter:card\" content=\"summary_large_image\" \/>\n<meta name=\"twitter:label1\" content=\"Dur\u00e9e de lecture estim\u00e9e\" \/>\n\t<meta name=\"twitter:data1\" content=\"5 minutes\" \/>\n<script type=\"application\/ld+json\" class=\"yoast-schema-graph\">{\"@context\":\"https:\/\/schema.org\",\"@graph\":[{\"@type\":\"WebPage\",\"@id\":\"https:\/\/cieterrainvague.fr\/index.php\/raconte-moi-les-mille-et-une-nuits\/\",\"url\":\"https:\/\/cieterrainvague.fr\/index.php\/raconte-moi-les-mille-et-une-nuits\/\",\"name\":\"Raconte-moi, Les Mille et Une Nuits - Cie Terrain vague\",\"isPartOf\":{\"@id\":\"https:\/\/cieterrainvague.fr\/#website\"},\"datePublished\":\"2021-05-10T16:39:07+00:00\",\"dateModified\":\"2026-03-17T13:58:44+00:00\",\"breadcrumb\":{\"@id\":\"https:\/\/cieterrainvague.fr\/index.php\/raconte-moi-les-mille-et-une-nuits\/#breadcrumb\"},\"inLanguage\":\"fr-FR\",\"potentialAction\":[{\"@type\":\"ReadAction\",\"target\":[\"https:\/\/cieterrainvague.fr\/index.php\/raconte-moi-les-mille-et-une-nuits\/\"]}]},{\"@type\":\"BreadcrumbList\",\"@id\":\"https:\/\/cieterrainvague.fr\/index.php\/raconte-moi-les-mille-et-une-nuits\/#breadcrumb\",\"itemListElement\":[{\"@type\":\"ListItem\",\"position\":1,\"name\":\"Accueil\",\"item\":\"https:\/\/cieterrainvague.fr\/\"},{\"@type\":\"ListItem\",\"position\":2,\"name\":\"Raconte-moi, Les Mille et Une Nuits\"}]},{\"@type\":\"WebSite\",\"@id\":\"https:\/\/cieterrainvague.fr\/#website\",\"url\":\"https:\/\/cieterrainvague.fr\/\",\"name\":\"Cie Terrain vague\",\"description\":\"\",\"publisher\":{\"@id\":\"https:\/\/cieterrainvague.fr\/#organization\"},\"potentialAction\":[{\"@type\":\"SearchAction\",\"target\":{\"@type\":\"EntryPoint\",\"urlTemplate\":\"https:\/\/cieterrainvague.fr\/?s={search_term_string}\"},\"query-input\":\"required name=search_term_string\"}],\"inLanguage\":\"fr-FR\"},{\"@type\":\"Organization\",\"@id\":\"https:\/\/cieterrainvague.fr\/#organization\",\"name\":\"Cie Terrain vague\",\"url\":\"https:\/\/cieterrainvague.fr\/\",\"sameAs\":[],\"logo\":{\"@type\":\"ImageObject\",\"inLanguage\":\"fr-FR\",\"@id\":\"https:\/\/cieterrainvague.fr\/#\/schema\/logo\/image\/\",\"url\":\"https:\/\/cieterrainvague.fr\/wp-content\/uploads\/2024\/06\/cropped-Logo-rond.png\",\"contentUrl\":\"https:\/\/cieterrainvague.fr\/wp-content\/uploads\/2024\/06\/cropped-Logo-rond.png\",\"width\":1287,\"height\":1170,\"caption\":\"Cie Terrain vague\"},\"image\":{\"@id\":\"https:\/\/cieterrainvague.fr\/#\/schema\/logo\/image\/\"}}]}<\/script>\n<!-- \/ Yoast SEO plugin. -->","yoast_head_json":{"title":"Raconte-moi, Les Mille et Une Nuits - Cie Terrain vague","robots":{"index":"index","follow":"follow","max-snippet":"max-snippet:-1","max-image-preview":"max-image-preview:large","max-video-preview":"max-video-preview:-1"},"canonical":"https:\/\/cieterrainvague.fr\/index.php\/raconte-moi-les-mille-et-une-nuits\/","og_locale":"fr_FR","og_type":"article","og_title":"Raconte-moi, Les Mille et Une Nuits - Cie Terrain vague","og_description":"Spectacle familial cont\u00e9 par Marion GOMEZ et Rapha\u00eble BRICE. Le spectacle en quelques mots : Au milieu des plaines d\u00e9sertiques se dressent des royaumes orientaux aux pieds des oasis. \u00c0 l\u2019ombre des grenadiers cohabitent sultans, g\u00e9nies, princesses et mis\u00e9reux. Leurs aventures nous ont \u00e9t\u00e9 cont\u00e9es, jou\u00e9es et chant\u00e9es jusqu\u2019au bout de Mille et Une Nuits. [&hellip;]","og_url":"https:\/\/cieterrainvague.fr\/index.php\/raconte-moi-les-mille-et-une-nuits\/","og_site_name":"Cie Terrain vague","article_modified_time":"2026-03-17T13:58:44+00:00","og_image":[{"url":"http:\/\/cieterrainvague.fr\/wp-content\/uploads\/2021\/05\/8466B82E-13A5-4938-8555-580CC00B8B5E_1_105_c-1024x726.jpeg"}],"twitter_card":"summary_large_image","twitter_misc":{"Dur\u00e9e de lecture estim\u00e9e":"5 minutes"},"schema":{"@context":"https:\/\/schema.org","@graph":[{"@type":"WebPage","@id":"https:\/\/cieterrainvague.fr\/index.php\/raconte-moi-les-mille-et-une-nuits\/","url":"https:\/\/cieterrainvague.fr\/index.php\/raconte-moi-les-mille-et-une-nuits\/","name":"Raconte-moi, Les Mille et Une Nuits - Cie Terrain vague","isPartOf":{"@id":"https:\/\/cieterrainvague.fr\/#website"},"datePublished":"2021-05-10T16:39:07+00:00","dateModified":"2026-03-17T13:58:44+00:00","breadcrumb":{"@id":"https:\/\/cieterrainvague.fr\/index.php\/raconte-moi-les-mille-et-une-nuits\/#breadcrumb"},"inLanguage":"fr-FR","potentialAction":[{"@type":"ReadAction","target":["https:\/\/cieterrainvague.fr\/index.php\/raconte-moi-les-mille-et-une-nuits\/"]}]},{"@type":"BreadcrumbList","@id":"https:\/\/cieterrainvague.fr\/index.php\/raconte-moi-les-mille-et-une-nuits\/#breadcrumb","itemListElement":[{"@type":"ListItem","position":1,"name":"Accueil","item":"https:\/\/cieterrainvague.fr\/"},{"@type":"ListItem","position":2,"name":"Raconte-moi, Les Mille et Une Nuits"}]},{"@type":"WebSite","@id":"https:\/\/cieterrainvague.fr\/#website","url":"https:\/\/cieterrainvague.fr\/","name":"Cie Terrain vague","description":"","publisher":{"@id":"https:\/\/cieterrainvague.fr\/#organization"},"potentialAction":[{"@type":"SearchAction","target":{"@type":"EntryPoint","urlTemplate":"https:\/\/cieterrainvague.fr\/?s={search_term_string}"},"query-input":"required name=search_term_string"}],"inLanguage":"fr-FR"},{"@type":"Organization","@id":"https:\/\/cieterrainvague.fr\/#organization","name":"Cie Terrain vague","url":"https:\/\/cieterrainvague.fr\/","sameAs":[],"logo":{"@type":"ImageObject","inLanguage":"fr-FR","@id":"https:\/\/cieterrainvague.fr\/#\/schema\/logo\/image\/","url":"https:\/\/cieterrainvague.fr\/wp-content\/uploads\/2024\/06\/cropped-Logo-rond.png","contentUrl":"https:\/\/cieterrainvague.fr\/wp-content\/uploads\/2024\/06\/cropped-Logo-rond.png","width":1287,"height":1170,"caption":"Cie Terrain vague"},"image":{"@id":"https:\/\/cieterrainvague.fr\/#\/schema\/logo\/image\/"}}]}},"_links":{"self":[{"href":"https:\/\/cieterrainvague.fr\/index.php\/wp-json\/wp\/v2\/pages\/151","targetHints":{"allow":["GET"]}}],"collection":[{"href":"https:\/\/cieterrainvague.fr\/index.php\/wp-json\/wp\/v2\/pages"}],"about":[{"href":"https:\/\/cieterrainvague.fr\/index.php\/wp-json\/wp\/v2\/types\/page"}],"author":[{"embeddable":true,"href":"https:\/\/cieterrainvague.fr\/index.php\/wp-json\/wp\/v2\/users\/1"}],"replies":[{"embeddable":true,"href":"https:\/\/cieterrainvague.fr\/index.php\/wp-json\/wp\/v2\/comments?post=151"}],"version-history":[{"count":88,"href":"https:\/\/cieterrainvague.fr\/index.php\/wp-json\/wp\/v2\/pages\/151\/revisions"}],"predecessor-version":[{"id":875,"href":"https:\/\/cieterrainvague.fr\/index.php\/wp-json\/wp\/v2\/pages\/151\/revisions\/875"}],"wp:attachment":[{"href":"https:\/\/cieterrainvague.fr\/index.php\/wp-json\/wp\/v2\/media?parent=151"}],"curies":[{"name":"wp","href":"https:\/\/api.w.org\/{rel}","templated":true}]}}